(-3).
-4
Let o(l) = l + 61. Determine o(5).
66
Let b(y) = 58*y + 2. Determine b(1).
60
Let u(a) = a**2 + 8*a - 17. Calculate u(-10).
3
Let r(p) = -4*p + 35. Determine r(8).
3
Let t(w) = w**3 + 18*w**2 + 30*w - 31. Calculate t(-16).
1
Let w(t) = t**3 + 3*t**2 + 10*t + 1. What is w(0)?
1
Let n(o) = -4*o**2 + 53*o - 5. Calculate n(13).
8
Let t(y) = -8*y - 2. Calculate t(-2).
14
Let r(d) = d + 9. Determine r(-7).
2
Let i(j) = j**2 - 8*j - 11. Determine i(8).
-11
Let l(q) = -3*q**2 - 8*q + 41. Give l(4).
-39
Let m(t) = -3*t - 3. Determine m(-5).
12
Let r(b) = 5*b - 25. Calculate r(3).
-10
Let l(i) = i**3 + 6*i**2 + 9*i + 10. Determine l(-5).
-10
Let b(o) = -8*o**2 - o + 1. What is b(-2)?
-29
Let q(d) = d**3 + 13*d**2 - 10*d + 8. Give q(-14).
-48
Let q(d) = -d**3 + 6*d**2 - 7*d + 2. Calculate q(4).
6
Let n(c) = c**2 + 4*c - 10. Give n(-5).
-5
Let p(l) = 66*l - 5. Calculate p(-2).
-137
Let q(c) = 14*c + 130. What is q(-9)?
4
Let p(o) = -o**3 - 29*o**2 - 2*o - 90. Determine p(-29).
-32
Let k(a) = a**3 - 5*a**2 - 8*a + 21. Give k(4).
-27
Let f(c) = c**2 - 14*c - 120. Calculate f(20).
0
Let b(j) = j**3 - 80*j**2 + 513*j - 149. What is b(73)?
-3
Let r(k) = k**3 - 5*k**2 - 10*k + 14. What is r(6)?
-10
Let l(z) = 9*z**2 - z - 2. What is l(-1)?
8
Let q(r) = -r**3 - 9*r**2 - 8*r - 11. Calculate q(-7).
-53
Let d(u) = -u**3 + 6*u**2 - 4*u. Calculate d(6).
-24
Let f(d) = d**2 - d - 17. Give f(5).
3
Let a(t) = -2*t**2 + 9*t + 8. Calculate a(7).
-27
Let k(y) = 4*y**2 - 21*y + 4. What is k(4)?
-16
Let a(c) = -c**3 + 4*c**2 - 6*c + 3. Determine a(4).
-21
Let y(h) = -2*h**2 + 12*h + 2. Give y(6).
2
Let i(t) = 2*t - 2. What is i(2)?
2
Let d(t) = 2*t**2 - 2*t - 6. Give d(3).
6
Let l(q) = -2*q**3 + 5*q**2 + 2*q - 3. Give l(2).
5
Let d(s) = s**2 + 4*s + 1. Determine d(-4).
1
Let s(n) = -2*n**2 + 15*n + 3. Calculate s(8).
-5
Let b(d) = d**3 - 26*d**2 - 27*d + 8. Give b(27).
8
Let r(u) = 9*u - 12. What is r(6)?
42
Let m(a) = 2*a**3 + 31*a**2 + 41*a - 13. Give m(-14).
1
Let f(r) = -2*r**2 - 3*r + 11. What is f(5)?
-54
Let h(i) = 15*i**2 - 2*i - 1. Give h(-1).
16
Let j(l) = l**2 + 7*l - 2. Determine j(-6).
-8
Let a(z) = -10*z**2 - 62*z - 89. Calculate a(-4).
-1
Let b(l) = -23*l - 193. Determine b(-9).
14
Let r(s) = -16*s**3 - 5*s + 4. What is r(1)?
-17
Let p(x) = x**3 - 6*x**2 + 6*x + 1. What is p(5)?
6
Let y(i) = i**2 - 18*i + 74. What is y(8)?
-6
Let v(c) = 3*c - 22. Calculate v(7).
-1
Let l(z) = z**2 + 6*z + 12. Give l(-8).
28
Let d(p) = p**2 - 3*p - 111. Calculate d(-9).
-3
Let j(n) = 6*n + 76. Calculate j(-13).
-2
Let j(a) = -a**2 - 9*a - 5. Determine j(-7).
9
Let q(n) = 5*n + 9. Determine q(9).
54
Let u(c) = c**3 - 18*c**2 - 16*c + 5. Determine u(19).
62
Let s(x) = -x**2 + 13*x + 7. What is s(7)?
49
Let f(q) = -2*q**2 + 9*q - 7. Give f(5).
-12
Let w(h) = -h**2 - h + 14. Calculate w(-6).
-16
Let s(u) = 6*u - 84. Give s(13).
-6
Let y(v) = v**3 + 2*v**2 - 2*v + 2. What is y(-3)?
-1
Let w(k) = k**3 + 4*k**2 - 12*k + 4. Calculate w(-6).
4
Let t(d) = 5*d**2 - d - 7. Give t(3).
35
Let y(n) = n**2 + 8*n - 34. Determine y(-11).
-1
Let j(m) = -2*m**2 - 16*m - 2. Calculate j(-8).
-2
Let g(u) = 17*u. Give g(2).
34
Let i(k) = -12*k + 27. What is i(2)?
3
Let m(g) = -g**3 - 13*g**2 + 9*g - 76. Calculate m(-14).
-6
Let m(t) = t**2 + 8*t - 4. Calculate m(-7).
-11
Let g(f) = f**2 - 10*f + 14. Calculate g(2).
-2
Let k(i) = i**3 - 8*i**2 + 2*i - 3. Calculate k(7).
-38
Let g(y) = -18*y**2 - 3*y. What is g(-2)?
-66
Let n(u) = -30*u - 960. Calculate n(-32).
0
Let z(u) = -4*u**2 - u - 1. Calculate z(-1).
-4
Let u(q) = -9*q - 36. Calculate u(-4).
0
Let m(v) = v**2 + 10*v + 10. Calculate m(-7).
-11
Let m(s) = 29*s**2 - 6. What is m(2)?
110
Let s(f) = -4*f**2 + 5*f - 4. What is s(2)?
-10
Let v(j) = 3*j + 3. Determine v(4).
15
Let g(s) = -s**3 + 10*s**2 - 10*s + 7. Give g(9).
-2
Let r(a) = 22*a - 66. Give r(3).
0
Let n(i) = -i**3 - 8*i**2 - i + 1. What is n(-8)?
9
Let f(g) = 5*g - 99. Give f(21).
6
Let m(y) = -3*y + 51. What is m(26)?
-27
Let i(l) = -2*l**2 - 3*l. Determine i(-5).
-35
Let k(n) = n**2 + 21*n + 80. Determine k(-16).
0
Let l(x) = x**3 - x + 3. What is l(3)?
27
Let u(j) = 2*j**2 - 7*j + 7. What is u(5)?
22
Let x(c) = 84*c + 2. What is x(1)?
86
Let t(s) = 4*s - 3. Give t(-5).
-23
Let w(g) = -5*g + 8. What is w(7)?
-27
Let x(v) = 2*v - 53. Calculate x(-4).
-61
Let i(q) = -2*q**2 + 4*q - 5. Give i(2).
-5
Let v(l) = 8*l + 346. Determine v(-44).
-6
Let a(f) = -7*f - 10. Give a(-2).
4
Let k(t) = t**2 - 19*t + 73. Calculate k(6).
-5
Let q(k) = -k**3 - 9*k**2 + 11*k + 6. What is q(-10)?
-4
Let r(w) = -2*w**3 - 9*w**2 - 2*w - 9. Determine r(-5).
26
Let o(u) = -u**3 - 32*u**2 + 105*u - 1. Calculate o(-35).
-1
Let r(u) = 3*u + 20. Give r(-11).
-13
Let r(m) = m**2 - 4*m - 3. What is r(7)?
18
Let n(q) = -q**3 - 9*q**2 + 15*q + 44. Calculate n(-10).
-6
Let o(t) = -6*t - 4. Give o(2).
-16
Let k(z) = 5*z - 41. What is k(8)?
-1
Let x(r) = -r**3 - 12*r**2 - 12*r - 12. Determine x(-11).
-1
Let r(p) = p**2 - 15*p + 6. Give r(14).
-8
Let m(w) = w - 1. What is m(-6)?
-7
Let a(v) = -v**3 + 15*v**2 + 25. What is a(15)?
25
Let u(a) = -2*a**3 - 2*a**2 + 8. Determine u(-3).
44
Let s(f) = -7*f + 263. Give s(38).
-3
Let i(y) = -y**3 + 7*y**2 + 4*y + 31. What is i(8)?
-1
Let q(b) = -8*b - 25. Calculate q(-2).
-9
Let v(o) = -o**3 + 10*o**2 - 9*o - 16. What is v(8)?
40
Let t(u) = 3*u**2 - 33*u - 11. What is t(10)?
-41
Let p(f) = f**3 + 8*f**2 - 9*f - 19. What is p(-9)?
-19
Let o(b) = b**3 + 9*b**2 - 24*b - 14. Determine o(-11).
8
Let s(t) = -132*t + 1190. Calculate s(9).
2
Let w(g) = -19*g + 129. What is w(6)?
15
Let v(z) = -z**3 - 4*z**2 + 3*z - 4. Give v(-5).
6
Let m(g) = -g + 5. Determine m(36).
-31
Let q(o) = o**2 - 46*o + 86. Give q(44).
-2
Let w(r) = r**3 - 6*r**2 + 3*r + 23. Give w(4).
3
Let z(v) = v**3 - 7*v**2 - 3*v + 10. Calculate z(7).
-11
Let q(b) = 3*b**2 + 17*b. Calculate q(-6).
6
Let q(d) = d**2 + 5*d + 3. Calculate q(-4).
-1
Let f(c) = -c**3 + 16*c**2 + 3*c + 5. Calculate f(16).
53
Let h(j) = -4*j**3 + 4*j**2 - j - 2. Give h(1).
-3
Let m(r) = r**3 + 13*r**2 + 39*r + 19. Determine m(-9).
-8
Let p(l) = l**3 + 23*l**2 + 26*l + 95. Determine p(-22).
7
Let d(c) = c + 13. What is d(-13)?
0
Let h(o) = -o**3 - 4*o**2 - 5*o - 4. Give h(-3).
2
Let w(j) = -2*j**3 + 55*j**2 + 28*j + 20. Determine w(28).
20
Let p(r) = -r**3 + 6*r**2 - 6*r - 3. What is p(5)?
-8
Let q(b) = 13*b**2 - 2*b - 2. What is q(2)?
46
Let l(a) = -a**2 - a - 1. Give l(-2).
-3
Let q(v) = v**2 + 7*v - 2. What is q(-10)?
28
Let i(v) = v**2 + 10*v + 23. Give i(-11).
34
Let b(n) = n**2 - 5*n. Calculate b(6).
6
Let t(q) = q**3 - 21*q**2 + 54*q + 21. Give t(18).
21
Let l(b) = -2*b**3 + 39*b**2 + 21*b - 15. Give l(20).
5
Let h(a) = a**3 + 3*a**2 - 7*a + 16. What is h(-5)?
1
Let p(s) = -s**3 - s**2 + 17*s - 3. Determine p(-4).
-23
Let j(m) = -m**2 + 10*m + 10. Determine j(10).
10
Let y(p) = p**3 + 5*p**2 - 8*p - 9. Give y(-6).
3
Let i(s) = -25*s - 1. Calculate i(1).
-26
Let z(t) = -t**3 - 5*t**2 - t - 13. What is z(-6)?
29
Let s(y) = 21*y - 332. What is s(17)?
25
Let b(u) = -u**3 + 36*u**2 - 179*u - 27. Determine b(30).
3
Let r(g) = -8*g**2 + 4*g. Determine r(-2).
-40
Let q(j) = -j**2 + 4*j + 18. Give q(-3).
-3
Let c(u) = u**2 - 7*u + 10. Calculate c(6).
4
Let a(p) = -5*p + 7. Determine a(5).
-18
Let d(p) = p**3 + 6*p**2 - 16*p - 6. What is d(-8)?
-6
Let c(k) = 7*k + 136. Determine c(-21).
-11
Let s(m) = -m**3 + 8*m**2 - 9*m + 21. Give s(7).
7
Let c(t) = -7*t - 107. Determine c(-16).
5
Let t(r) = -r**3 - 25*r**2 - 31*r - 161. Give t(-24).
7
Let v(y) = y**2 + 7*y - 2. What is v(-7)?
-2
Let k(z) = 12*z - 26. Calculate k(11).
106
Let g(a) = a**3 + 12*a**2 + 10*a + 4. Give g(-11).
15
Let v(w) = -w**3 - 4*w**2 + 6*w + 4. Calculate v(-5).
-1
Let z(p) = -p**3 + 10*p**2 + 10*p + 19. Calculate z(11).
8
Let s(w) = 2*w + 39. What is s(-14)?
11
Let d(b) = b**2 + 21*b - 74. Determine d(-23).
-28
Let d(h) = -h**2 - 13*h - 30. Give d(-6).
12
Let j(t) = -t**3 + 19*t**2 - 45*t - 6. Give j(16).
42
Let y(o) = -o**3 + 8*o**2 + 8*o - 10. Give y(7).
95
Let q(j) = j**3 - 3*j**2 + 4*j + 5. Calculate q(4).
37
Let w(h) = h**3 + 35*h**2 + 67*h + 20. Give w(-33).
-13
Let o(k) = k**2 - 16*k + 42. Determine o(12).
-6
Let c(q) = q + 4. What is c(2)?
6
Let p(u) = u - 21. Calc